ors of 1182679?
1182679
What are the prime factors of 1974666?
2, 3, 329111
What are the prime factors of 598651?
598651
What are the prime factors of 1340203?
19, 70537
List the prime factors of 275696.
2, 17231
What are the prime factors of 396938?
2, 198469
List the prime factors of 515871.
3, 31, 43
What are the prime factors of 298337?
13, 53, 433
What are the prime factors of 672840?
2, 3, 5, 7, 89
What are the prime factors of 6427545?
3, 5, 428503
List the prime factors of 1185410.
2, 5, 17, 19, 367
List the prime factors of 7834172.
2, 661, 2963
List the prime factors of 429159.
3, 143053
What are the prime factors of 9736303?
19, 419, 1223
List the prime factors of 21710040.
2, 3, 5, 11, 16447
What are the prime factors of 75786?
2, 3, 17, 743
List the prime factors of 16854959.
11, 643, 2383
List the prime factors of 325236.
2, 3, 27103
List the prime factors of 206919.
3, 83, 277
List the prime factors of 3643476.
2, 3, 23, 43, 307
List the prime factors of 12751455.
3, 5, 379, 2243
What are the prime factors of 2746864?
2, 171679
What are the prime factors of 889313?
889313
List the prime factors of 11121266.
2, 13, 521, 821
List the prime factors of 291735.
3, 5, 2161
What are the prime factors of 25743664?
2, 1608979
List the prime factors of 5845086.
2, 3, 13, 24979
List the prime factors of 14354529.
3, 7, 443, 1543
What are the prime factors of 71128?
2, 17, 523
What are the prime factors of 1135461?
3, 311, 1217
What are the prime factors of 29390?
2, 5, 2939
What are the prime factors of 3112308?
2, 3, 86453
List the prime factors of 144852.
2, 3, 12071
What are the prime factors of 3272466?
2, 3, 17, 32083
What are the prime factors of 784930?
2, 5, 53, 1481
List the prime factors of 634245.
3, 5, 42283
What are the prime factors of 354089?
317, 1117
What are the prime factors of 7832944?
2, 7, 97, 103
List the prime factors of 1688600.
2, 5, 8443
List the prime factors of 182790.
2, 3, 5, 677
What are the prime factors of 682537?
19, 35923
What are the prime factors of 238938?
2, 3, 7, 5689
List the prime factors of 19317134.
2, 17, 568151
What are the prime factors of 8579694?
2, 3, 103, 13883
What are the prime factors of 3751019?
43, 83, 1051
What are the prime factors of 300163?
300163
What are the prime factors of 330881?
409, 809
List the prime factors of 120784.
2, 7549
What are the prime factors of 281408?
2, 4397
What are the prime factors of 14677081?
14677081
What are the prime factors of 3903496?
2, 409, 1193
List the prime factors of 27533047.
17, 23, 67, 1051
What are the prime factors of 2833918?
2, 163, 8693
What are the prime factors of 171653?
171653
List the prime factors of 5119737.
3, 7, 17, 14341
List the prime factors of 4839194.
2, 2419597
List the prime factors of 111694.
2, 11, 5077
List the prime factors of 1503497.
17, 59, 1499
What are the prime factors of 2269686?
2, 3, 23, 16447
List the prime factors of 453324.
2, 3, 37, 1021
What are the prime factors of 4341272?
2, 13, 19
What are the prime factors of 3499929?
3, 4801
List the prime factors of 505677.
3, 168559
List the prime factors of 5214942.
2, 3, 32191
What are the prime factors of 461206?
2, 19, 53, 229
List the prime factors of 7898577.
3, 2632859
List the prime factors of 198633.
3, 73, 907
What are the prime factors of 3427688?
2, 11, 3541
List the prime factors of 9379204.
2, 37, 127, 499
List the prime factors of 705290.
2, 5, 70529
What are the prime factors of 693235?
5, 138647
What are the prime factors of 446756?
2, 67, 1667
What are the prime factors of 22393074?
2, 3, 11, 339289
What are the prime factors of 1127921?
137, 8233
What are the prime factors of 6416251?
6416251
List the prime factors of 13396.
2, 17, 197
What are the prime factors of 469731?
3, 156577
What are the prime factors of 491656?
2, 11, 37, 151
What are the prime factors of 630543?
3, 101, 2081
List the prime factors of 1534114.
2, 17, 45121
List the prime factors of 24108.
2, 3, 7, 41
List the prime factors of 642865.
5, 19, 67, 101
List the prime factors of 6967059.
3, 11, 17, 1129
List the prime factors of 1883988.
2, 3, 59, 887
List the prime factors of 204180.
2, 3, 5, 41, 83
List the prime factors of 30917.
43, 719
List the prime factors of 6510713.
11, 31, 61, 313
List the prime factors of 28535099.
67, 113, 3769
What are the prime factors of 2659721?
223, 11927
List the prime factors of 286799.
59, 4861
List the prime factors of 1255990.
2, 5, 29, 61, 71
What are the prime factors of 5100964?
2, 11, 115931
What are the prime factors of 659620?
2, 5, 13, 43, 59
List the prime factors of 6729054.
2, 3, 1121509
What are the prime factors of 9985841?
23, 434167
What are the prime factors of 338639?
7, 6911
What are the prime factors of 6390716?
2, 1597679
What are the prime factors of 203902?
2, 269, 379
What are the prime factors of 8082603?
3, 898067
List the prime factors of 129045.
3, 5, 7, 1229
What are the prime factors of 7200182?
2, 11, 293, 1117
What are the prime factors of 4691337?
3, 7, 17, 773
What are the prime factors of 227457?
3, 127, 199
List the prime factors of 3313553.
947, 3499
What are the prime factors of 322214?
2, 31, 5197
What are the prime factors of 1434333?
3, 478111
List the prime factors of 2062445.
5, 7, 11, 487
What are the prime factors of 222342?
2, 3, 37057
What are the prime factors of 765924?
2, 3, 83, 769
What are the prime factors of 96204?
2, 3, 8017
List the prime factors of 19605957.
3, 7, 283, 3299
What are the prime factors of 166780?
2, 5, 31, 269
What are the prime factors of 97907?
19, 5153
List the prime factors of 1233488.
2, 77093
What are the prime factors of 1160796?
2, 3, 7, 13, 1063
List the prime factors of 288640.
2, 5, 11, 41
List the prime factors of 937325.
5, 37493
List the prime factors of 2476088.
2, 23, 13457
What are the prime factors of 16991838?
2, 3, 127, 7433
List the prime factors of 322120.
2, 5, 8053
List the prime factors of 127587.
3, 71, 599
What are the prime factors of 6849123?
3, 389, 5869
List the prime factors of 121830.
2, 3, 5, 31, 131
List the prime factors of 787240.
2, 5, 19681
List the prime factors of 11778.
2, 3, 13, 151
What are the prime factors of 1271969?
23, 29, 1907
What are the prime factors of 326288?
2, 20393
What are the prime factors of 3514761?
3, 149, 2621
What are the prime factors of 9119430?
2, 3, 5, 19, 5333
List the prime factors of 3665837.
7, 79, 947
What are the prime factors of 1188291?
3, 13, 30469
List the prime factors of 1092919.
1092919
What are the prime factors of 1152505?
5, 230501
List the prime factors of 4505782.
2, 17, 132523
List the prime factors of 498234.
2, 3, 11, 7549
What are the prime factors of 7664043?
3, 139, 18379
What are the prime factors of 3194125?
5, 11, 23, 101
List the prime factors of 10632194.
2, 31, 223, 769
List the prime factors of 241996.
2, 101, 599
List the prime factors of 9166344.
2, 3, 11, 34721
List the prime factors of 504982.
2, 19, 97, 137
List the prime factors of 3632019.
3, 47, 25759
What are the prime factors of 181412?
2, 7, 11, 19, 31
List the prime factors of 392882.
2, 7, 19, 211
List the prime factors of 276297.
3, 7, 59, 223
What are the prime factors of 5824405?
5, 23, 50647
What are the prime factors of 448164?
2, 3, 59, 211
What are the prime factors of 4319845?
5, 389, 2221
What are the prime factors of 18196695?
3, 5, 11, 36761
What are the prime factors of 1619225?
5, 239, 271
List the prime factors of 4440773.
4440773
What are the prime factors of 1260389?
13, 96953
List the prime factors of 9804175.
5, 29, 13523
What are the prime factors of 334430?
2, 5, 53, 631
What are the prime factors of 12164368?
2, 760273
What are the prime factors of 371793?
3, 123931
What are the prime factors of 68436?
2, 3, 1901
List the prime factors of 324979.
324979
List the prime factors of 335505.
3, 5, 22367
List the prime factors of 1304145.
3, 5, 73, 397
What are the prime factors of 340297?
340297
What are the prime factors of 414826?
2, 211, 983
What are the prime factors of 465040?
2, 5, 5813
List the prime factors of 6647217.
3, 757, 2927
List the prime factors of 2273867.
2273867
What are the prime factors of 10277526?
2, 3, 7, 244703
List the prime factors of 1489761.
3, 7, 13, 1